ase 5, what is 13443 - 134?
13304
In base 5, what is 2014 - -140?
2204
In base 12, what is -520a - -43b?
-498b
In base 14, what is -c95 - 28?
-cbd
In base 5, what is -2 + -30213334?
-30213341
In base 6, what is -24144 + -101?
-24245
In base 14, what is 1cd - -1c5b?
204a
In base 9, what is 33 + -15583?
-15550
In base 15, what is 306 + 510?
816
In base 2, what is 1 + -1110010011?
-1110010010
In base 16, what is 4 + 106f4e?
106f52
In base 13, what is -8 - -16c74?
16c69
In base 5, what is -203131 + 10?
-203121
In base 9, what is 17865 - 32?
17833
In base 4, what is 13021 - -23223?
102310
In base 5, what is -3100 + 1?
-3044
In base 7, what is 1610 - -124?
2034
In base 6, what is 13 + 1141151?
1141204
In base 6, what is 14 - 434131?
-434113
In base 13, what is -4107b + 1?
-4107a
In base 12, what is 30 + 32?
62
In base 12, what is 2 + 3663?
3665
In base 3, what is -12 - 2220012020?
-2220012102
In base 4, what is -3 - 13010132?
-13010201
In base 10, what is 14 + 4046?
4060
In base 14, what is 67 + -148?
-c1
In base 15, what is -110e57 + 2?
-110e55
In base 16, what is 3 - -43b1b?
43b1e
In base 6, what is -25 - -1423?
1354
In base 3, what is 1021111 + 20212?
1112100
In base 11, what is 30 - -41?
71
In base 8, what is -2124411 + -1?
-2124412
In base 6, what is -110041405 + -3?
-110041412
In base 13, what is -a0b - -16?
-9c5
In base 4, what is -12 + -1013022?
-1013100
In base 16, what is -2 - -6a238?
6a236
In base 6, what is 21 + -130214?
-130153
In base 16, what is 843 + -72?
7d1
In base 6, what is -112120 + 532?
-111144
In base 14, what is 5d2 + 1c?
610
In base 7, what is -241 + -2221?
-2462
In base 16, what is 3830 + -1a?
3816
In base 4, what is 1233232 - 32?
1233200
In base 11, what is 3601650 + -5?
3601646
In base 8, what is -303 + 142?
-141
In base 4, what is 20 + 303033232?
303033312
In base 8, what is 22667 - 4?
22663
In base 6, what is -334 + 1232?
454
In base 10, what is -16 - -22334?
22318
In base 14, what is -3 + 4b909?
4b906
In base 5, what is -34010 + 1224?
-32231
In base 12, what is -5b - -277?
218
In base 3, what is 2212220000 - -110?
2212220110
In base 7, what is 23 - 13564?
-13541
In base 6, what is -1010 + -211?
-1221
In base 7, what is -41450 + -5?
-41455
In base 3, what is -102 + -2000112?
-2000221
In base 16, what is 2 - -159?
15b
In base 2, what is -10000111011101011 + 10001?
-10000111011011010
In base 9, what is -212428 - -1?
-212427
In base 3, what is -101 + -2201000?
-2201101
In base 9, what is 448 + 130?
578
In base 9, what is 18042 + -2?
18040
In base 7, what is -3 + -106213?
-106216
In base 10, what is -62815 - -2?
-62813
In base 15, what is 227c1 + -2?
227be
In base 3, what is -1002012 + 20110110?
12101021
In base 3, what is 1121111102 + -12?
1121111020
In base 12, what is -2 + -7a47?
-7a49
In base 3, what is -1 - 10211120?
-10211121
In base 16, what is -60a + -1a3?
-7ad
In base 15, what is -1 + -1445?
-1446
In base 3, what is -1202002 - 12020?
-1221022
In base 16, what is b6 - fe7?
-f31
In base 9, what is 187 + -7651?
-7453
In base 5, what is -40220200 - 1?
-40220201
In base 7, what is -13 - 301562?
-301605
In base 13, what is 54 + 29379?
29400
In base 6, what is -454 + 244?
-210
In base 12, what is -2410 - 1?
-2411
In base 11, what is -31 - 74?
-a5
In base 10, what is 33 - -12003?
12036
In base 3, what is 1112220 - 2121?
1110022
In base 3, what is -101012211 - -1020?
-101011121
In base 6, what is -1202454 + 1?
-1202453
In base 10, what is 4 + 10377?
10381
In base 2, what is -100001 + -1000010100100101?
-1000010101000110
In base 7, what is 3 - 3146066?
-3146063
In base 15, what is -3 + 10947?
10944
In base 15, what is -37a + -b13?
-e8d
In base 14, what is -17 + -357?
-370
In base 3, what is 2201201102100 + 2?
2201201102102
In base 8, what is 4521 + 116?
4637
In base 14, what is -30b08 + -4?
-30b0c
In base 16, what is -6f + c?
-63
In base 3, what is -1110212200 + 11?
-1110212112
In base 3, what is -10010 + -2222110?
-10002120
In base 10, what is -1431 + -168?
-1599
In base 8, what is -3 - 16655?
-16660
In base 14, what is -1448bb + 6?
-1448b5
In base 10, what is -577 + -1104?
-1681
In base 10, what is -114 + -507?
-621
In base 9, what is 482 - -848?
1441
In base 9, what is -164 + 47?
-116
In base 14, what is -1 + b4b2?
b4b1
In base 5, what is -43423 + 1003?
-42420
In base 16, what is 1f88 - -2?
1f8a
In base 2, what is 1011110101 + 10111011?
1110110000
In base 5, what is 333 + -132?
201
In base 14, what is -5098 - 5?
-509d
In base 7, what is 10 + -22651?
-22641
In base 5, what is -133 + -11231122?
-11231310
In base 16, what is -a + b?
1
In base 15, what is -9065 - -38?
-902c
In base 10, what is 10 - 78302?
-78292
In base 12, what is -48a - 4?
-492
In base 6, what is 4212454 - 14?
4212440
In base 7, what is -2 + -1220540?
-1220542
In base 13, what is -bc - 777?
-866
In base 9, what is -2117 - -125?
-1882
In base 11, what is 44 + -2a06?
-2972
In base 2, what is -11101111000111 - -1000?
-11101110111111
In base 6, what is 5 + -320314?
-320305
In base 6, what is -1444434 - -5?
-1444425
In base 9, what is -801 + 12?
-778
In base 4, what is -11 - -3220220?
3220203
In base 13, what is 7 + -63a2?
-6398
In base 14, what is -1571 + -69?
-15da
In base 5, what is -10 - -312422?
312412
In base 10, what is -85269 - -25?
-85244
In base 9, what is -3 + 355?
352
In base 15, what is 5 + b27c?
b282
In base 13, what is 9 - -31b44?
31b50
In base 5, what is 0 + 111342242?
111342242
In base 9, what is 3557317 + 1?
3557318
In base 6, what is 113154330 - -1?
113154331
In base 9, what is 1 + 151408?
151410
In base 9, what is 3 + 11200?
11203
In base 11, what is 1485 - -32?
1507
In base 8, what is 176 + 51?
247
In base 8, what is -2044740 - -3?
-2044735
In base 9, what is 62 + 23?
85
In base 7, what is -5 - 2166660?
-2166665
In base 5, what is 2 - 123224?
-123222
In base 16, what is 4903c + 1?
4903d
In base 15, what is 50 - -48e3?
4943
In base 4, what is 122102101 + -2?
122102033
In base 10, what is 70735 - 0?
70735
In base 14, what is 7 - -7362?
7369
In base 2, what is 110011110100101 - 100?
110011110100001
In base 8, what is 657475 + -2?
657473
In base 7, what is 26 + -42300?
-42241
In base 13, what is 86239 + -1?
86238
In base 2, what is -1001001001001011000 + -10?
-1001001001001011010
In base 2, what is -1010101000 + 100?
-1010100100
In base 16, what is 12f80b + -2?
12f809
In base 7, what is -131513 - -16?
-131464
In base 7, what is -5 - -3423034?
3423026
In base 2, what is -1110 + -1110111000011000111?
-1110111000011010101
In base 5, what is -4122144 + 1?
-4122143
In base 6, what is 3 - -122412?
122415
In base 6, what is -44 + 35003?
34515
In base 3, what is 1 - -1110220102?
1110220110
In base 13, what is -626b + -ba?
-6358
In base 10, what is -26238 + -2?
-26240
In base 5, what is 2 + -11423122?
-11423120
In base 4, what is 3 + 332332220?
332332223
In base 10, what is -2 - 10158?
-10160
In base 3, what is 1000 - 1101211?
-1100211
In base 12, what is -18 - 168b6?
-16912
In base 4, what is 1130302 - -2332?
1133300
In base 13, what is -58248 - -3?
-58245
In base 8, what is 1 + -233005?
-233004
In base 7, what is 20 - 5?
12
In base 10, what is -5314 + -31?
-5345
In base 13, what is -8 + -768a?
-7695
In base 2, what is -100001011101 - -1000110?
-100000010111
In base 5, what is 1002 - 0?
1002
In base 2, what is -1010001110 - -10110100?
-111011010
In base 5, what is 110 - 1044003?
-1043343
In base 15, what is -5 - 890d7?
-890dc
In base 14, what is -8 + 2518?
2510
In base 6, what is 3 + -11114425?
-11114422
In base 15, what is -112 + 11d?
b
In base 13, what is -b + -7b56?
-7b64
In base 3, what is 11221 + 100100?
112021
In base 12, what is -8b + 393a?
386b
In base 11, what is -37 - 3081?
-3108
In base 8, what is 4 + -605726?
-605722
In base 15, what is 1342 + -26?
131b
In base 8, what is -2 - -71216?
71214
In base 6, what is 101354 - 5?
101345
In base 5, what is 24143 + 213?
24411
In base 14, what is 3a - -1a7a?
1ab6
In base 14, what is 5 - -17630?
17635
In base 5, what is -1 - 402111?
-402112
In base 10, what is 6852 + 42?
6894
In base 12, what is 2 + 462a99?
462a9b
In base 4, what is -12 + -13110203?
-13110221
In base 5, what is 11311 + -11230?
31
In base 13, what is 12957 - -2?
12959
In base 13, what is -2b03c1 - -5?
-2b03b9
In base 13, what is -170